{"id":8,"date":"2025-11-04T14:09:08","date_gmt":"2025-11-04T13:09:08","guid":{"rendered":"https:\/\/wollen-wir-windkraft.de\/?page_id=8"},"modified":"2026-02-25T17:40:24","modified_gmt":"2026-02-25T16:40:24","slug":"vorhaben","status":"publish","type":"page","link":"https:\/\/wollen-wir-windkraft.de\/?page_id=8","title":{"rendered":"Das Vorhaben"},"content":{"rendered":"\n<figure class=\"wp-block-image size-large\"><img loading=\"lazy\" decoding=\"async\" width=\"1024\" height=\"640\" src=\"https:\/\/wollen-wir-windkraft.de\/wp-content\/uploads\/2025\/12\/841939_energiewende_berlin-pics_pixelio-1024x640.jpg\" alt=\"\" class=\"wp-image-155\" srcset=\"https:\/\/wollen-wir-windkraft.de\/wp-content\/uploads\/2025\/12\/841939_energiewende_berlin-pics_pixelio-1024x640.jpg 1024w, https:\/\/wollen-wir-windkraft.de\/wp-content\/uploads\/2025\/12\/841939_energiewende_berlin-pics_pixelio-300x188.jpg 300w, https:\/\/wollen-wir-windkraft.de\/wp-content\/uploads\/2025\/12\/841939_energiewende_berlin-pics_pixelio-768x480.jpg 768w, https:\/\/wollen-wir-windkraft.de\/wp-content\/uploads\/2025\/12\/841939_energiewende_berlin-pics_pixelio-1536x960.jpg 1536w, https:\/\/wollen-wir-windkraft.de\/wp-content\/uploads\/2025\/12\/841939_energiewende_berlin-pics_pixelio-2048x1280.jpg 2048w\" sizes=\"auto, (max-width: 1024px) 100vw, 1024px\" \/><\/figure>\n\n\n\n<p><\/p>\n\n\n\n<p>Der Gemeinderat Rohr in Mfr. hat beschlossen, den Ausbau von Windkraftanlagen im Gemeindegebiet voranzutreiben. Die Bezeichnungen der entsprechenden Vorranggebiete lauten:<\/p>\n\n\n\n<div class=\"wp-block-columns is-layout-flex wp-container-core-columns-is-layout-9d6595d7 wp-block-columns-is-layout-flex\">\n<div class=\"wp-block-column is-layout-flow wp-block-column-is-layout-flow\">\n<ul class=\"wp-block-list\">\n<li>WK 401 (Rohr-Gaulnhofen)<\/li>\n\n\n\n<li> WK 403 (Rohr-Dechendorf\/Dechenwald)<\/li>\n\n\n\n<li>WK 205 (Leitelshof-Weiler) und <\/li>\n\n\n\n<li>die Vorbehaltsfl\u00e4che (vormals WK) 68 (Nemsdorf\/G\u00f6ckenhof \u2013 Krottenbach)<\/li>\n<\/ul>\n\n\n\n<p>Die Vorranggebiete finden Sie hier: <a href=\"https:\/\/www.nuernberg.de\/imperia\/md\/pim\/dokumente\/rp7_23_aenderung_umweltbericht_gesamt_stand10_03_2025.pdf\" target=\"_blank\" rel=\"noreferrer noopener\">https:\/\/www.nuernberg.de\/imperia\/md\/pim\/dokumente\/rp7_23_aenderung_umweltbericht_gesamt_stand10_03_2025.pdf<\/a><\/p>\n\n\n\n<p>Wie dem Schwabacher Tagblatt vom 27.01.2026 zu entnehmen ist, soll \u00fcber eine im Landkreis Roth zu gr\u00fcndende &#8222;interkommunale Projektierungsgesellschaft&#8220; ein <strong>Windpark<\/strong> auf der Vorrangfl\u00e4che WK 205 entwickelt werden. Der Rohrer Gemeinderat hat seine Beteiligung an der Energie-Gesellschaft mit <strong>10.000,- \u20ac<\/strong> einstimmig beschlossen. Laut Angaben des ersten B\u00fcrgermeisters, Felix Fr\u00f6hlich, sollen sich allein die Kosten f\u00fcr die Phase 1 (offenbar die reine Planungsphase zur m\u00f6glichen Realisierbarkeit des Vorhabens) zwischen <strong>800.000,- \u20ac<\/strong> und <strong>1,2 Mio. \u20ac <\/strong>belaufen. \ud83d\ude32\ud83e\udd14<\/p>\n\n\n\n<p>Abgesehen von der o. g. Information aus der Tageszeitung konnte ich auf der Website der Gemeinde Rohr sowie auf der Homepage des Landratsamtes Roth keine Informationen zum geplanten Vorhaben und dessen aktuellem Stand finden. Die Eingabe unterschiedlicher Schlagw\u00f6rter f\u00fchrte zu keinem Ergebnis.<\/p>\n\n\n\n<p>Lediglich bei der Durchsicht der Tagesordnungspunkte (TOP) der Gemeinderatssitzungen wurde ich f\u00fcndig. So steht unter TOP 14 der \u00f6ffentlichen Sitzung vom 08.07.2025 der Beschluss (mit einer Gegenstimme) zu lesen, dass <em>&#8222;Zu der Errichtung und dem Betrieb von drei Windkraftanlagen<\/em> <em>[&#8230;] durch die Firma BayWa r.e. Wind GmbH<\/em> [&#8230;] <em>seitens der Gemeinde Rohr im Rahmen der Beteiligung als Tr\u00e4ger \u00f6ffentlicher Belange keine Einw\u00e4nde erhoben bzw. Anregungen mitgeteilt&#8220;<\/em> werden (<a href=\"https:\/\/rohr-mfr.ris.kommune-aktiv.de\/seite\/de\/rathaus\/4049\/-\/Vollzug_des_Bundesimmissionsschutzgesetzes_BImSchG__Stellungnahme_der_Gemeinde_Rohr_zu_dem_Antrag.html\">https:\/\/rohr-mfr.ris.kommune-aktiv.de\/seite\/de\/rathaus\/4049\/-\/Vollzug_des_Bundesimmissionsschutzgesetzes_BImSchG__Stellungnahme_der_Gemeinde_Rohr_zu_dem_Antrag.html<\/a>).<\/p>\n\n\n\n<p>Auf der Website der Gemeinde Ro\u00dftal hingegen finden Sie detaillierte Informationen dazu, wo was  geplant ist und was bisher bereits gemacht wurde. Aber sehen Sie selbst:<\/p>\n\n\n\n<p><a href=\"https:\/\/www.rosstal.de\/bauen-wohnen\/umwelt-energie\/buergerwindpark-rosstal-rohr\">https:\/\/www.rosstal.de\/bauen-wohnen\/umwelt-energie\/buergerwindpark-rosstal-rohr<\/a><\/p>\n\n\n\n<p>Warum muss ich als B\u00fcrger der Gemeinde Rohr auf der Homepage der Gemeinde Ro\u00dftal surfen, um etwas \u00fcber ein &#8222;B\u00fcrgerwindpark&#8220;-Projekt zu erfahren, das sogar als Kooperationsprojekt durchgef\u00fchrt wird?<\/p>\n\n\n\n<p>Wie sie der Abbildung unten entnehmen k\u00f6nnen, umfasst die geplante Fl\u00e4che f\u00fcr den Standort der WKA nahezu das komplette Waldgebiet zwischen Leitelshof und Weiler. <strong>W\u00e4lder sind CO2-Senken<\/strong>, d. h. sie entnehmen der Umgebungsluft CO2 und speichern es ein! Warum also soll ausgerechnet eine so gro\u00dfe zusammenh\u00e4ngende Waldfl\u00e4che gerodet werden, wenn doch das hehre Ziel ist, das &#8222;b\u00f6se&#8220; CO2 zu verbannen?<\/p>\n\n\n\n<figure class=\"wp-block-image size-large\"><img loading=\"lazy\" decoding=\"async\" width=\"1024\" height=\"819\" src=\"https:\/\/wollen-wir-windkraft.de\/wp-content\/uploads\/2026\/02\/image-1024x819.png\" alt=\"\" class=\"wp-image-447\" srcset=\"https:\/\/wollen-wir-windkraft.de\/wp-content\/uploads\/2026\/02\/image-1024x819.png 1024w, https:\/\/wollen-wir-windkraft.de\/wp-content\/uploads\/2026\/02\/image-300x240.png 300w, https:\/\/wollen-wir-windkraft.de\/wp-content\/uploads\/2026\/02\/image-768x614.png 768w, https:\/\/wollen-wir-windkraft.de\/wp-content\/uploads\/2026\/02\/image.png 1227w\" sizes=\"auto, (max-width: 1024px) 100vw, 1024px\" \/><figcaption class=\"wp-element-caption\">Quelle: <a href=\"https:\/\/www.rosstal.de\/bauen-wohnen\/umwelt-energie\/buergerwindpark-rosstal-rohr\">https:\/\/www.rosstal.de\/bauen-wohnen\/umwelt-energie\/buergerwindpark-rosstal-rohr<\/a><\/figcaption><\/figure>\n<\/div>\n<\/div>\n\n\n\n<p>Die Ortsteile Leitelshof und Regelsbach sind ja bereits ausreichend mit Stromleitungen unterschiedlichster H\u00f6he bedacht worden. Eine dieser Leitungen soll durch eine noch h\u00f6here und breitere ersetzt werden. Wie viele Industrieanlagen soll unsere l\u00e4ndliche Umgebung noch ertragen m\u00fcssen?\ud83d\ude1e<\/p>\n","protected":false},"excerpt":{"rendered":"<p>Der Gemeinderat Rohr in Mfr. hat beschlossen, den Ausbau von Windkraftanlagen im Gemeindegebiet voranzutreiben. Die Bezeichnungen der entsprechenden Vorranggebiete lauten: Die Vorranggebiete finden Sie hier: https:\/\/www.nuernberg.de\/imperia\/md\/pim\/dokumente\/rp7_23_aenderung_umweltbericht_gesamt_stand10_03_2025.pdf Wie dem Schwabacher Tagblatt vom 27.01.2026 zu entnehmen ist, soll \u00fcber eine im Landkreis Roth zu gr\u00fcndende &#8222;interkommunale Projektierungsgesellschaft&#8220; ein Windpark auf der Vorrangfl\u00e4che WK 205 entwickelt werden. Der&hellip;&nbsp;<a href=\"https:\/\/wollen-wir-windkraft.de\/?page_id=8\" rel=\"bookmark\"><span class=\"screen-reader-text\">Das Vorhaben<\/span><\/a><\/p>\n","protected":false},"author":1,"featured_media":0,"parent":0,"menu_order":0,"comment_status":"closed","ping_status":"closed","template":"","meta":{"neve_meta_sidebar":"","neve_meta_container":"","neve_meta_enable_content_width":"","neve_meta_content_width":0,"neve_meta_title_alignment":"","neve_meta_author_avatar":"","neve_post_elements_order":"","neve_meta_disable_header":"","neve_meta_disable_footer":"","neve_meta_disable_title":"","neve_meta_reading_time":"","footnotes":""},"class_list":["post-8","page","type-page","status-publish","hentry"],"_links":{"self":[{"href":"https:\/\/wollen-wir-windkraft.de\/index.php?rest_route=\/wp\/v2\/pages\/8","targetHints":{"allow":["GET"]}}],"collection":[{"href":"https:\/\/wollen-wir-windkraft.de\/index.php?rest_route=\/wp\/v2\/pages"}],"about":[{"href":"https:\/\/wollen-wir-windkraft.de\/index.php?rest_route=\/wp\/v2\/types\/page"}],"author":[{"embeddable":true,"href":"https:\/\/wollen-wir-windkraft.de\/index.php?rest_route=\/wp\/v2\/users\/1"}],"replies":[{"embeddable":true,"href":"https:\/\/wollen-wir-windkraft.de\/index.php?rest_route=%2Fwp%2Fv2%2Fcomments&post=8"}],"version-history":[{"count":30,"href":"https:\/\/wollen-wir-windkraft.de\/index.php?rest_route=\/wp\/v2\/pages\/8\/revisions"}],"predecessor-version":[{"id":449,"href":"https:\/\/wollen-wir-windkraft.de\/index.php?rest_route=\/wp\/v2\/pages\/8\/revisions\/449"}],"wp:attachment":[{"href":"https:\/\/wollen-wir-windkraft.de\/index.php?rest_route=%2Fwp%2Fv2%2Fmedia&parent=8"}],"curies":[{"name":"wp","href":"https:\/\/api.w.org\/{rel}","templated":true}]}}